{"id":5,"date":"2020-02-06T12:31:56","date_gmt":"2020-02-06T11:31:56","guid":{"rendered":"https:\/\/sandra-masse-art-therapie.fr\/?page_id=5"},"modified":"2022-01-20T20:22:09","modified_gmt":"2022-01-20T19:22:09","slug":"a-propos","status":"publish","type":"page","link":"https:\/\/sandra-masse-art-therapie.fr\/index.php\/a-propos\/","title":{"rendered":"Mon parcours"},"content":{"rendered":"\n<p class=\"has-drop-cap has-text-align-left\"> Trouvant tr\u00e8s jeune le go\u00fbt de l&rsquo;exploration artistique et manuelle par des approches esth\u00e9tiques : le dessin, la peinture et la danse deviennent la toile de fond des exp\u00e9riences qui vont nourrir mon parcours personnel. <br>Je suis <strong>\u00c9ducatrice sp\u00e9cialis\u00e9e<\/strong> depuis 2006, et me suis enrichie de rencontres et de champs  d&rsquo;intervention divers et vari\u00e9s : <strong>Protection de l&rsquo;Enfance<\/strong>, <strong>D\u00e9ficiences intellectuelle<\/strong> et <strong>motrice<\/strong>, <strong>Insertion Sociale<\/strong>, <strong>TSA <\/strong>(<a href=\"https:\/\/fr.wikipedia.org\/wiki\/Trouble_du_spectre_de_l%27autisme\">Troubles du Spectre Autistique<\/a>), <strong>Addictions<\/strong>.<\/p>\n\n\n\n<p>J&rsquo;ai souvent trouv\u00e9 ressource dans l&rsquo;Art, ses pratiques, et l&rsquo;inspiration qu&rsquo;il a sugg\u00e9r\u00e9 en moi. D&rsquo;autres exp\u00e9riences professionnelles, notamment dans le domaine de l&rsquo;animation aupr\u00e8s d&rsquo;enfants et aupr\u00e8s de personnes \u00e2g\u00e9es, ont enrichi mon parcours.<\/p>\n\n\n\n<p class=\"has-text-align-left\"> 2017 est l&rsquo;ann\u00e9e d\u00e9di\u00e9e \u00e0 la compl\u00e9mentarit\u00e9 des comp\u00e9tences, et \u00e0 la concr\u00e9tisation d&rsquo;un beau projet professionnel&nbsp;: celui de devenir art-th\u00e9rapeute avec le bagage suppl\u00e9mentaire des exp\u00e9riences de stage dans le champ du vieillissement et de la protection de l&rsquo;enfance. <\/p>\n\n\n\n<p class=\"has-text-align-left\"><strong>Certifi\u00e9e RNCP<\/strong> de l&rsquo;<strong>AFRATAPEM <\/strong>et d\u00e9tentrice du <strong>Dipl\u00f4me Universitaire d&rsquo;Art-th\u00e9rapie<\/strong> d\u00e9livr\u00e9 par la <strong>facult\u00e9 de m\u00e9decine de Tours<\/strong>, cette discipline appara\u00eet alors comme une pierre de plus \u00e0 la construction d&rsquo;une vie professionnelle singuli\u00e8re et orient\u00e9e vers le soutien aux Autres, en y alliant cette fois les vertus th\u00e9rapeutiques de la pratique artistique. <\/p>\n\n\n\n<p class=\"has-drop-cap has-text-align-left\"> La <strong>danse contemporaine<\/strong> et <strong>moderne<\/strong>, les Arts plastiques et graphiques que sont le <strong>dessin<\/strong>, la <strong>peinture<\/strong>, le <strong>modelage <\/strong>de la terre, la<strong> cr\u00e9ation textile<\/strong>, le collage, l&rsquo;assemblage de mati\u00e8res &#8211; sont des techniques artistiques que j&rsquo;ai le plaisir d&rsquo;exploiter dans le cadre de la pratique de l&rsquo;Art-th\u00e9rapie et autant d&rsquo;ouvertures \u00e0 l&rsquo;expressivit\u00e9 de chaque individualit\u00e9.<\/p>\n\n\n\n<p class=\"has-text-align-center\" style=\"font-size:28px\"><em>Plus pr\u00e9cis\u00e9ment<\/em>,<br><em>de l&rsquo;art-th\u00e9rapie .. pour qui ? <\/em><\/p>\n\n\n\n<p> Les publics aupr\u00e8s desquels j&rsquo;interviens et suis intervenue sont les personnes \u00e2g\u00e9es porteuses de <strong>maladies neurod\u00e9g\u00e9n\u00e9ratives<\/strong>, notamment la maladie d&rsquo;<strong>Alzheimer <\/strong>et de <strong>Parkinson <\/strong>dans le cadre d&rsquo;une structure associative de R\u00e9pit.<\/p>\n\n\n\n<p> J&rsquo;interviens et suis \u00e9galement intervenue aupr\u00e8s de familles dans le cadre de la pr\u00e9vention et de la protection pour des services d\u00e9partementaux de la <strong>Protection de l&rsquo;Enfance<\/strong> et pour une association d&rsquo;\u00e9ducation populaire.<\/p>\n\n\n\n<p>Je suis disponible pour toute autre prise en soin et me tiens \u00e0 votre disposition par le biais du <a href=\".\/index.php\/contact\">formulaire de contact<\/a> dans la rubrique pr\u00e9vue \u00e0 cet effet. <\/p>\n\n\n\n<p><\/p>\n\n\n\n<div class=\"wp-block-image\"><figure class=\"aligncenter is-resized\"><img loading=\"lazy\" decoding=\"async\" src=\"https:\/\/sandra-masse-art-therapie.fr\/wp-content\/uploads\/2020\/05\/20200508_151716-e1588968940666-1024x803.jpg\" alt=\"\" class=\"wp-image-318\" width=\"307\" height=\"240\" srcset=\"https:\/\/sandra-masse-art-therapie.fr\/wp-content\/uploads\/2020\/05\/20200508_151716-e1588968940666-1024x803.jpg 1024w, https:\/\/sandra-masse-art-therapie.fr\/wp-content\/uploads\/2020\/05\/20200508_151716-e1588968940666-300x235.jpg 300w, https:\/\/sandra-masse-art-therapie.fr\/wp-content\/uploads\/2020\/05\/20200508_151716-e1588968940666-768x602.jpg 768w, https:\/\/sandra-masse-art-therapie.fr\/wp-content\/uploads\/2020\/05\/20200508_151716-e1588968940666-1200x941.jpg 1200w\" sizes=\"auto, (max-width: 307px) 85vw, 307px\" \/><\/figure><\/div>\n\n\n\n<p class=\"has-text-align-center\"><em><span class=\"has-inline-color has-medium-gray-color\">La nature est l&rsquo;une des plus belles sources d&rsquo;inspiration que nous ayons \u00e0 notre disposition<\/span><\/em><\/p>\n","protected":false},"excerpt":{"rendered":"<p>Trouvant tr\u00e8s jeune le go\u00fbt de l&rsquo;exploration artistique et manuelle par des approches esth\u00e9tiques : le dessin, la peinture et la danse deviennent la toile de fond des exp\u00e9riences qui vont nourrir mon parcours personnel. Je suis \u00c9ducatrice sp\u00e9cialis\u00e9e depuis 2006, et me suis enrichie de rencontres et de champs d&rsquo;intervention divers et vari\u00e9s : &hellip; <a href=\"https:\/\/sandra-masse-art-therapie.fr\/index.php\/a-propos\/\" class=\"more-link\">Continuer la lecture<span class=\"screen-reader-text\"> de &laquo;&nbsp;Mon parcours&nbsp;&raquo;<\/span><\/a><\/p>\n","protected":false},"author":1,"featured_media":0,"parent":0,"menu_order":0,"comment_status":"closed","ping_status":"closed","template":"","meta":{"footnotes":""},"class_list":["post-5","page","type-page","status-publish","hentry"],"yoast_head":"<!-- This site is optimized with the Yoast SEO plugin v27.3 - https:\/\/yoast.com\/product\/yoast-seo-wordpress\/ -->\n<title>Sandra Mass\u00e9 - Art-th\u00e9rapie &#8226; Mon parcours<\/title>\n<meta name=\"description\" content=\"Art-th\u00e9rapeute dipl\u00f4m\u00e9e de la fac de m\u00e9decine de Tours. \u00c9ducatrice sp\u00e9cialis\u00e9e depuis 2006. Techniques : Danse, modelage, arts plastiques\" \/>\n<meta name=\"robots\" content=\"index, follow, max-snippet:-1, max-image-preview:large, max-video-preview:-1\" \/>\n<link rel=\"canonical\" href=\"https:\/\/sandra-masse-art-therapie.fr\/index.php\/a-propos\/\" \/>\n<meta property=\"og:locale\" content=\"fr_FR\" \/>\n<meta property=\"og:type\" content=\"article\" \/>\n<meta property=\"og:title\" content=\"Sandra Mass\u00e9 - Art-th\u00e9rapie &#8226; Mon parcours\" \/>\n<meta property=\"og:description\" content=\"Art-th\u00e9rapeute dipl\u00f4m\u00e9e de la fac de m\u00e9decine de Tours. \u00c9ducatrice sp\u00e9cialis\u00e9e depuis 2006. Techniques : Danse, modelage, arts plastiques\" \/>\n<meta property=\"og:url\" content=\"https:\/\/sandra-masse-art-therapie.fr\/index.php\/a-propos\/\" \/>\n<meta property=\"og:site_name\" content=\"Sandra Mass\u00e9\" \/>\n<meta property=\"article:modified_time\" content=\"2022-01-20T19:22:09+00:00\" \/>\n<meta property=\"og:image\" content=\"https:\/\/sandra-masse-art-therapie.fr\/wp-content\/uploads\/2020\/05\/20200508_151716-e1588968940666-1024x803.jpg\" \/>\n<meta name=\"twitter:card\" content=\"summary_large_image\" \/>\n<meta name=\"twitter:label1\" content=\"Dur\u00e9e de lecture estim\u00e9e\" \/>\n\t<meta name=\"twitter:data1\" content=\"3 minutes\" \/>\n<script type=\"application\/ld+json\" class=\"yoast-schema-graph\">{\"@context\":\"https:\\\/\\\/schema.org\",\"@graph\":[{\"@type\":\"WebPage\",\"@id\":\"https:\\\/\\\/sandra-masse-art-therapie.fr\\\/index.php\\\/a-propos\\\/\",\"url\":\"https:\\\/\\\/sandra-masse-art-therapie.fr\\\/index.php\\\/a-propos\\\/\",\"name\":\"Sandra Mass\u00e9 - Art-th\u00e9rapie &#8226; Mon parcours\",\"isPartOf\":{\"@id\":\"https:\\\/\\\/sandra-masse-art-therapie.fr\\\/#website\"},\"primaryImageOfPage\":{\"@id\":\"https:\\\/\\\/sandra-masse-art-therapie.fr\\\/index.php\\\/a-propos\\\/#primaryimage\"},\"image\":{\"@id\":\"https:\\\/\\\/sandra-masse-art-therapie.fr\\\/index.php\\\/a-propos\\\/#primaryimage\"},\"thumbnailUrl\":\"https:\\\/\\\/sandra-masse-art-therapie.fr\\\/wp-content\\\/uploads\\\/2020\\\/05\\\/20200508_151716-e1588968940666-1024x803.jpg\",\"datePublished\":\"2020-02-06T11:31:56+00:00\",\"dateModified\":\"2022-01-20T19:22:09+00:00\",\"description\":\"Art-th\u00e9rapeute dipl\u00f4m\u00e9e de la fac de m\u00e9decine de Tours. \u00c9ducatrice sp\u00e9cialis\u00e9e depuis 2006. Techniques : Danse, modelage, arts plastiques\",\"breadcrumb\":{\"@id\":\"https:\\\/\\\/sandra-masse-art-therapie.fr\\\/index.php\\\/a-propos\\\/#breadcrumb\"},\"inLanguage\":\"fr-FR\",\"potentialAction\":[{\"@type\":\"ReadAction\",\"target\":[\"https:\\\/\\\/sandra-masse-art-therapie.fr\\\/index.php\\\/a-propos\\\/\"]}]},{\"@type\":\"ImageObject\",\"inLanguage\":\"fr-FR\",\"@id\":\"https:\\\/\\\/sandra-masse-art-therapie.fr\\\/index.php\\\/a-propos\\\/#primaryimage\",\"url\":\"https:\\\/\\\/sandra-masse-art-therapie.fr\\\/wp-content\\\/uploads\\\/2020\\\/05\\\/20200508_151716-e1588968940666.jpg\",\"contentUrl\":\"https:\\\/\\\/sandra-masse-art-therapie.fr\\\/wp-content\\\/uploads\\\/2020\\\/05\\\/20200508_151716-e1588968940666.jpg\",\"width\":2309,\"height\":1811,\"caption\":\"Sandra Mass\u00e9 Art-Th\u00e9rapie Nature\"},{\"@type\":\"BreadcrumbList\",\"@id\":\"https:\\\/\\\/sandra-masse-art-therapie.fr\\\/index.php\\\/a-propos\\\/#breadcrumb\",\"itemListElement\":[{\"@type\":\"ListItem\",\"position\":1,\"name\":\"Accueil\",\"item\":\"https:\\\/\\\/sandra-masse-art-therapie.fr\\\/\"},{\"@type\":\"ListItem\",\"position\":2,\"name\":\"Mon parcours\"}]},{\"@type\":\"WebSite\",\"@id\":\"https:\\\/\\\/sandra-masse-art-therapie.fr\\\/#website\",\"url\":\"https:\\\/\\\/sandra-masse-art-therapie.fr\\\/\",\"name\":\"Sandra Mass\u00e9\",\"description\":\"ART-TH\u00c9RAPEUTE\",\"publisher\":{\"@id\":\"https:\\\/\\\/sandra-masse-art-therapie.fr\\\/#organization\"},\"potentialAction\":[{\"@type\":\"SearchAction\",\"target\":{\"@type\":\"EntryPoint\",\"urlTemplate\":\"https:\\\/\\\/sandra-masse-art-therapie.fr\\\/?s={search_term_string}\"},\"query-input\":{\"@type\":\"PropertyValueSpecification\",\"valueRequired\":true,\"valueName\":\"search_term_string\"}}],\"inLanguage\":\"fr-FR\"},{\"@type\":\"Organization\",\"@id\":\"https:\\\/\\\/sandra-masse-art-therapie.fr\\\/#organization\",\"name\":\"Sandra Mass\u00e9 Art-th\u00e9rapeute\",\"url\":\"https:\\\/\\\/sandra-masse-art-therapie.fr\\\/\",\"logo\":{\"@type\":\"ImageObject\",\"inLanguage\":\"fr-FR\",\"@id\":\"https:\\\/\\\/sandra-masse-art-therapie.fr\\\/#\\\/schema\\\/logo\\\/image\\\/\",\"url\":\"https:\\\/\\\/sandra-masse-art-therapie.fr\\\/wp-content\\\/uploads\\\/2020\\\/02\\\/carte_visite_1.jpg\",\"contentUrl\":\"https:\\\/\\\/sandra-masse-art-therapie.fr\\\/wp-content\\\/uploads\\\/2020\\\/02\\\/carte_visite_1.jpg\",\"width\":1004,\"height\":650,\"caption\":\"Sandra Mass\u00e9 Art-th\u00e9rapeute\"},\"image\":{\"@id\":\"https:\\\/\\\/sandra-masse-art-therapie.fr\\\/#\\\/schema\\\/logo\\\/image\\\/\"},\"sameAs\":[\"https:\\\/\\\/www.linkedin.com\\\/in\\\/sandra-mass\u00e9-544896109\"]}]}<\/script>\n<!-- \/ Yoast SEO plugin. -->","yoast_head_json":{"title":"Sandra Mass\u00e9 - Art-th\u00e9rapie &#8226; Mon parcours","description":"Art-th\u00e9rapeute dipl\u00f4m\u00e9e de la fac de m\u00e9decine de Tours. \u00c9ducatrice sp\u00e9cialis\u00e9e depuis 2006. Techniques : Danse, modelage, arts plastiques","robots":{"index":"index","follow":"follow","max-snippet":"max-snippet:-1","max-image-preview":"max-image-preview:large","max-video-preview":"max-video-preview:-1"},"canonical":"https:\/\/sandra-masse-art-therapie.fr\/index.php\/a-propos\/","og_locale":"fr_FR","og_type":"article","og_title":"Sandra Mass\u00e9 - Art-th\u00e9rapie &#8226; Mon parcours","og_description":"Art-th\u00e9rapeute dipl\u00f4m\u00e9e de la fac de m\u00e9decine de Tours. \u00c9ducatrice sp\u00e9cialis\u00e9e depuis 2006. Techniques : Danse, modelage, arts plastiques","og_url":"https:\/\/sandra-masse-art-therapie.fr\/index.php\/a-propos\/","og_site_name":"Sandra Mass\u00e9","article_modified_time":"2022-01-20T19:22:09+00:00","og_image":[{"url":"https:\/\/sandra-masse-art-therapie.fr\/wp-content\/uploads\/2020\/05\/20200508_151716-e1588968940666-1024x803.jpg","type":"","width":"","height":""}],"twitter_card":"summary_large_image","twitter_misc":{"Dur\u00e9e de lecture estim\u00e9e":"3 minutes"},"schema":{"@context":"https:\/\/schema.org","@graph":[{"@type":"WebPage","@id":"https:\/\/sandra-masse-art-therapie.fr\/index.php\/a-propos\/","url":"https:\/\/sandra-masse-art-therapie.fr\/index.php\/a-propos\/","name":"Sandra Mass\u00e9 - Art-th\u00e9rapie &#8226; Mon parcours","isPartOf":{"@id":"https:\/\/sandra-masse-art-therapie.fr\/#website"},"primaryImageOfPage":{"@id":"https:\/\/sandra-masse-art-therapie.fr\/index.php\/a-propos\/#primaryimage"},"image":{"@id":"https:\/\/sandra-masse-art-therapie.fr\/index.php\/a-propos\/#primaryimage"},"thumbnailUrl":"https:\/\/sandra-masse-art-therapie.fr\/wp-content\/uploads\/2020\/05\/20200508_151716-e1588968940666-1024x803.jpg","datePublished":"2020-02-06T11:31:56+00:00","dateModified":"2022-01-20T19:22:09+00:00","description":"Art-th\u00e9rapeute dipl\u00f4m\u00e9e de la fac de m\u00e9decine de Tours. \u00c9ducatrice sp\u00e9cialis\u00e9e depuis 2006. Techniques : Danse, modelage, arts plastiques","breadcrumb":{"@id":"https:\/\/sandra-masse-art-therapie.fr\/index.php\/a-propos\/#breadcrumb"},"inLanguage":"fr-FR","potentialAction":[{"@type":"ReadAction","target":["https:\/\/sandra-masse-art-therapie.fr\/index.php\/a-propos\/"]}]},{"@type":"ImageObject","inLanguage":"fr-FR","@id":"https:\/\/sandra-masse-art-therapie.fr\/index.php\/a-propos\/#primaryimage","url":"https:\/\/sandra-masse-art-therapie.fr\/wp-content\/uploads\/2020\/05\/20200508_151716-e1588968940666.jpg","contentUrl":"https:\/\/sandra-masse-art-therapie.fr\/wp-content\/uploads\/2020\/05\/20200508_151716-e1588968940666.jpg","width":2309,"height":1811,"caption":"Sandra Mass\u00e9 Art-Th\u00e9rapie Nature"},{"@type":"BreadcrumbList","@id":"https:\/\/sandra-masse-art-therapie.fr\/index.php\/a-propos\/#breadcrumb","itemListElement":[{"@type":"ListItem","position":1,"name":"Accueil","item":"https:\/\/sandra-masse-art-therapie.fr\/"},{"@type":"ListItem","position":2,"name":"Mon parcours"}]},{"@type":"WebSite","@id":"https:\/\/sandra-masse-art-therapie.fr\/#website","url":"https:\/\/sandra-masse-art-therapie.fr\/","name":"Sandra Mass\u00e9","description":"ART-TH\u00c9RAPEUTE","publisher":{"@id":"https:\/\/sandra-masse-art-therapie.fr\/#organization"},"potentialAction":[{"@type":"SearchAction","target":{"@type":"EntryPoint","urlTemplate":"https:\/\/sandra-masse-art-therapie.fr\/?s={search_term_string}"},"query-input":{"@type":"PropertyValueSpecification","valueRequired":true,"valueName":"search_term_string"}}],"inLanguage":"fr-FR"},{"@type":"Organization","@id":"https:\/\/sandra-masse-art-therapie.fr\/#organization","name":"Sandra Mass\u00e9 Art-th\u00e9rapeute","url":"https:\/\/sandra-masse-art-therapie.fr\/","logo":{"@type":"ImageObject","inLanguage":"fr-FR","@id":"https:\/\/sandra-masse-art-therapie.fr\/#\/schema\/logo\/image\/","url":"https:\/\/sandra-masse-art-therapie.fr\/wp-content\/uploads\/2020\/02\/carte_visite_1.jpg","contentUrl":"https:\/\/sandra-masse-art-therapie.fr\/wp-content\/uploads\/2020\/02\/carte_visite_1.jpg","width":1004,"height":650,"caption":"Sandra Mass\u00e9 Art-th\u00e9rapeute"},"image":{"@id":"https:\/\/sandra-masse-art-therapie.fr\/#\/schema\/logo\/image\/"},"sameAs":["https:\/\/www.linkedin.com\/in\/sandra-mass\u00e9-544896109"]}]}},"_links":{"self":[{"href":"https:\/\/sandra-masse-art-therapie.fr\/index.php\/wp-json\/wp\/v2\/pages\/5","targetHints":{"allow":["GET"]}}],"collection":[{"href":"https:\/\/sandra-masse-art-therapie.fr\/index.php\/wp-json\/wp\/v2\/pages"}],"about":[{"href":"https:\/\/sandra-masse-art-therapie.fr\/index.php\/wp-json\/wp\/v2\/types\/page"}],"author":[{"embeddable":true,"href":"https:\/\/sandra-masse-art-therapie.fr\/index.php\/wp-json\/wp\/v2\/users\/1"}],"replies":[{"embeddable":true,"href":"https:\/\/sandra-masse-art-therapie.fr\/index.php\/wp-json\/wp\/v2\/comments?post=5"}],"version-history":[{"count":24,"href":"https:\/\/sandra-masse-art-therapie.fr\/index.php\/wp-json\/wp\/v2\/pages\/5\/revisions"}],"predecessor-version":[{"id":497,"href":"https:\/\/sandra-masse-art-therapie.fr\/index.php\/wp-json\/wp\/v2\/pages\/5\/revisions\/497"}],"wp:attachment":[{"href":"https:\/\/sandra-masse-art-therapie.fr\/index.php\/wp-json\/wp\/v2\/media?parent=5"}],"curies":[{"name":"wp","href":"https:\/\/api.w.org\/{rel}","templated":true}]}}